{"id":275,"date":"2025-04-17T11:27:42","date_gmt":"2025-04-17T09:27:42","guid":{"rendered":"https:\/\/www.federationkravmaga.fr\/?page_id=275"},"modified":"2025-10-15T10:20:36","modified_gmt":"2025-10-15T08:20:36","slug":"licences-et-affiliation","status":"publish","type":"page","link":"https:\/\/www.federationkravmaga.com\/index.php\/licences-et-affiliation\/","title":{"rendered":"LICENCES ET AFFILIATION"},"content":{"rendered":"<p>[et_pb_section fb_built=\u00a0\u00bb1&Prime; admin_label=\u00a0\u00bbHeader\u00a0\u00bb _builder_version=\u00a0\u00bb4.27.2&Prime; _module_preset=\u00a0\u00bbdefault\u00a0\u00bb use_background_color_gradient=\u00a0\u00bbon\u00a0\u00bb background_color_gradient_direction=\u00a0\u00bb90deg\u00a0\u00bb background_color_gradient_stops=\u00a0\u00bbrgba(255,255,255,0) 0%|#000000 100%\u00a0\u00bb background_color_gradient_overlays_image=\u00a0\u00bbon\u00a0\u00bb background_image=\u00a0\u00bbhttps:\/\/www.federationkravmaga.com\/wp-content\/uploads\/2025\/04\/passage-affiliation.jpg\u00a0\u00bb custom_padding=\u00a0\u00bb10vw||10vw||true|false\u00a0\u00bb locked=\u00a0\u00bboff\u00a0\u00bb collapsed=\u00a0\u00bbon\u00a0\u00bb global_colors_info=\u00a0\u00bb{}\u00a0\u00bb][et_pb_row _builder_version=\u00a0\u00bb4.27.2&Prime; _module_preset=\u00a0\u00bbdefault\u00a0\u00bb global_colors_info=\u00a0\u00bb{}\u00a0\u00bb][et_pb_column type=\u00a0\u00bb4_4&Prime; _builder_version=\u00a0\u00bb4.27.2&Prime; _module_preset=\u00a0\u00bbdefault\u00a0\u00bb global_colors_info=\u00a0\u00bb{}\u00a0\u00bb][et_pb_text _builder_version=\u00a0\u00bb4.27.4&Prime; _module_preset=\u00a0\u00bb7d27b5d1-10c8-43e5-8f9a-7e49b62a0b40&Prime; header_font=\u00a0\u00bbOswald|700||on|||||\u00a0\u00bb header_text_color=\u00a0\u00bb#FFFFFF\u00a0\u00bb header_font_size=\u00a0\u00bb5vw\u00a0\u00bb header_line_height=\u00a0\u00bb1.2em\u00a0\u00bb text_orientation=\u00a0\u00bbright\u00a0\u00bb width=\u00a0\u00bb72%\u00a0\u00bb module_alignment=\u00a0\u00bbright\u00a0\u00bb custom_margin=\u00a0\u00bb||10px|-192px|false|false\u00a0\u00bb header_font_size_tablet=\u00a0\u00bb5vw\u00a0\u00bb header_font_size_phone=\u00a0\u00bb10vw\u00a0\u00bb header_font_size_last_edited=\u00a0\u00bbon|phone\u00a0\u00bb global_colors_info=\u00a0\u00bb{}\u00a0\u00bb]<\/p>\n<h1>LICENCES ET AFFILIATION<\/h1>\n<p>[\/et_pb_text][\/et_pb_column][\/et_pb_row][\/et_pb_section][et_pb_section fb_built=\u00a0\u00bb1&Prime; admin_label=\u00a0\u00bbHeader\u00a0\u00bb _builder_version=\u00a0\u00bb4.22.1&Prime; _module_preset=\u00a0\u00bbdefault\u00a0\u00bb collapsed=\u00a0\u00bbon\u00a0\u00bb global_colors_info=\u00a0\u00bb{}\u00a0\u00bb][et_pb_row _builder_version=\u00a0\u00bb4.27.2&Prime; _module_preset=\u00a0\u00bbdefault\u00a0\u00bb global_colors_info=\u00a0\u00bb{}\u00a0\u00bb][et_pb_column type=\u00a0\u00bb4_4&Prime; _builder_version=\u00a0\u00bb4.27.2&Prime; _module_preset=\u00a0\u00bbdefault\u00a0\u00bb global_colors_info=\u00a0\u00bb{}\u00a0\u00bb][et_pb_text _builder_version=\u00a0\u00bb4.27.4&Prime; _module_preset=\u00a0\u00bbdefault\u00a0\u00bb header_2_text_align=\u00a0\u00bbcenter\u00a0\u00bb header_2_font_size=\u00a0\u00bb45px\u00a0\u00bb header_2_font_size_tablet=\u00a0\u00bb45px\u00a0\u00bb header_2_font_size_phone=\u00a0\u00bb36px\u00a0\u00bb header_2_font_size_last_edited=\u00a0\u00bbon|phone\u00a0\u00bb global_colors_info=\u00a0\u00bb{}\u00a0\u00bb]<\/p>\n<h2><span style=\"color: #e02b20;\">QUE COUVRE<\/span> L\u2019AFFILIATION ?<\/h2>\n<p>[\/et_pb_text][\/et_pb_column][\/et_pb_row][et_pb_row _builder_version=\u00a0\u00bb4.27.2&Prime; _module_preset=\u00a0\u00bbdefault\u00a0\u00bb global_colors_info=\u00a0\u00bb{}\u00a0\u00bb][et_pb_column type=\u00a0\u00bb4_4&Prime; _builder_version=\u00a0\u00bb4.22.1&Prime; _module_preset=\u00a0\u00bbdefault\u00a0\u00bb global_colors_info=\u00a0\u00bb{}\u00a0\u00bb][et_pb_text _builder_version=\u00a0\u00bb4.27.4&Prime; _module_preset=\u00a0\u00bbd5cc805c-beac-4f35-b772-fb136bda94fd\u00a0\u00bb text_font=\u00a0\u00bb||||||||\u00a0\u00bb module_alignment=\u00a0\u00bbcenter\u00a0\u00bb custom_margin=\u00a0\u00bb22px||||false|false\u00a0\u00bb hover_enabled=\u00a0\u00bb0&Prime; global_colors_info=\u00a0\u00bb{}\u00a0\u00bb sticky_enabled=\u00a0\u00bb0&Prime;]<\/p>\n<div class=\"leaf_row\">\n<div class=\"vc_row wpb_row vc_row-fluid\">\n<div class=\"wpb_column vc_column_container vc_col-sm-12\">\n<div class=\"vc_column-inner\">\n<div class=\"wpb_wrapper\">\n<div class=\"wpb_text_column wpb_content_element \">\n<div class=\"wpb_wrapper\">\n<h3>Pour les membres<\/h3>\n<ul>\n<li>la licence (y compris passages de grades f\u00e9d\u00e9raux)<\/li>\n<li>l\u2019assurance en cas d\u2019accident pendant la pratique (<a href=\"https:\/\/assuretonsport.com\/liste-des-sports\">assure ton sport<\/a>)<\/li>\n<li>l\u2019acc\u00e8s aux stages organis\u00e9s au sein de la f\u00e9d\u00e9ration \u00e0 un tarif pr\u00e9f\u00e9rentiel<\/li>\n<li>l\u2019acc\u00e8s \u00e0 l\u2019ensemble des clubs pour des cours ponctuels (en cas de d\u00e9placements professionnels ou de loisirs)<\/li>\n<\/ul>\n<h3>\u00a0<\/h3>\n<h3>Pour les clubs<strong><br \/><\/strong><\/h3>\n<ul>\n<li>l\u2019assurance responsabilit\u00e9 civile du club<\/li>\n<li>l\u2019acc\u00e8s au cursus de formation offert pour les instructeurs<\/li>\n<li>le suivi par un r\u00e9f\u00e8rent technique r\u00e9gional<\/li>\n<li>l\u2019acc\u00e8s aux diff\u00e9rents services mutualis\u00e9s mis en place et\/ou n\u00e9goci\u00e9s \u00e0 un tarif pr\u00e9f\u00e9rentiel par la f\u00e9d\u00e9ration<\/li>\n<li>le r\u00e9f\u00e9rencement du club sur le site de la KMFDA et une int\u00e9gration dans l\u2019actualit\u00e9 de la vie de la f\u00e9d\u00e9ration<\/li>\n<\/ul>\n<h3>\u00a0<\/h3>\n<h3>Comment s\u2019affilier ?<\/h3>\n<p>L\u2019affiliation se fait sur demande par un dossier comprenant entre autre l\u2019engagement des clubs sur le respect des diff\u00e9rents r\u00e8glements et par le paiement de la cotisation club (la 1ere ann\u00e9e seulement et couvre notamment les frais d\u2019infographie pour la page club du site). Les licences sont \u00e0 r\u00e9gler en deux fois dans la saison (novembre et mai).<\/p>\n<h3>\u00a0<\/h3>\n<h3>La c\u00f4tisation club est de 150\u20ac\u00a0 pour la premi\u00e8re ann\u00e9e d\u2019affiliation<\/h3>\n<h3>\u00a0<\/h3>\n<h3>La licence par adh\u00e9rent est de 35\u20ac\/an<\/h3>\n<\/div>\n<\/div>\n<\/div>\n<\/div>\n<\/div>\n<\/div>\n<\/div>\n<p>[\/et_pb_text][et_pb_button button_url=\u00a0\u00bbhttps:\/\/www.federationkravmaga.com\/wp-content\/uploads\/2025\/09\/DEMANDE-AFFILIATION-KMFDA.pdf\u00a0\u00bb url_new_window=\u00a0\u00bbon\u00a0\u00bb button_text=\u00a0\u00bbT\u00e9l\u00e9charger la demande\u00a0\u00bb _builder_version=\u00a0\u00bb4.27.4&Prime; _module_preset=\u00a0\u00bbdefault\u00a0\u00bb global_colors_info=\u00a0\u00bb{}\u00a0\u00bb][\/et_pb_button][\/et_pb_column][\/et_pb_row][\/et_pb_section]<\/p>\n","protected":false},"excerpt":{"rendered":"<p>LICENCES ET AFFILIATIONQUE COUVRE L\u2019AFFILIATION ? Pour les membres la licence (y compris passages de grades f\u00e9d\u00e9raux) l\u2019assurance en cas d\u2019accident pendant la pratique (assure ton sport) l\u2019acc\u00e8s aux stages [&hellip;]<\/p>\n","protected":false},"author":1,"featured_media":0,"parent":0,"menu_order":0,"comment_status":"closed","ping_status":"closed","template":"","meta":{"_et_pb_use_builder":"on","_et_pb_old_content":"","_et_gb_content_width":"","footnotes":""},"class_list":["post-275","page","type-page","status-publish","hentry"],"yoast_head":"<!-- This site is optimized with the Yoast SEO plugin v27.1.1 - https:\/\/yoast.com\/product\/yoast-seo-wordpress\/ -->\n<title>Licences &amp; Affiliation \u2014 Tarifs, Assurance &amp; D\u00e9marches | KMFDA<\/title>\n<meta name=\"description\" content=\"Licences et affiliation, assurance, formations, r\u00e9f\u00e9rencement, services mutualis\u00e9s. T\u00e9l\u00e9chargez le dossier d\u2019affiliation\" \/>\n<meta name=\"robots\" content=\"index, follow, max-snippet:-1, max-image-preview:large, max-video-preview:-1\" \/>\n<link rel=\"canonical\" href=\"https:\/\/www.federationkravmaga.com\/index.php\/licences-et-affiliation\/\" \/>\n<meta property=\"og:locale\" content=\"fr_FR\" \/>\n<meta property=\"og:type\" content=\"article\" \/>\n<meta property=\"og:title\" content=\"Licences &amp; Affiliation \u2014 Tarifs, Assurance &amp; D\u00e9marches | KMFDA\" \/>\n<meta property=\"og:description\" content=\"Licences et affiliation, assurance, formations, r\u00e9f\u00e9rencement, services mutualis\u00e9s. T\u00e9l\u00e9chargez le dossier d\u2019affiliation\" \/>\n<meta property=\"og:url\" content=\"https:\/\/www.federationkravmaga.com\/index.php\/licences-et-affiliation\/\" \/>\n<meta property=\"og:site_name\" content=\"KMFDA\" \/>\n<meta property=\"article:modified_time\" content=\"2025-10-15T08:20:36+00:00\" \/>\n<meta name=\"twitter:card\" content=\"summary_large_image\" \/>\n<meta name=\"twitter:label1\" content=\"Dur\u00e9e de lecture estim\u00e9e\" \/>\n\t<meta name=\"twitter:data1\" content=\"2 minutes\" \/>\n<script type=\"application\/ld+json\" class=\"yoast-schema-graph\">{\"@context\":\"https:\/\/schema.org\",\"@graph\":[{\"@type\":\"WebPage\",\"@id\":\"https:\/\/www.federationkravmaga.com\/index.php\/licences-et-affiliation\/\",\"url\":\"https:\/\/www.federationkravmaga.com\/index.php\/licences-et-affiliation\/\",\"name\":\"Licences & Affiliation \u2014 Tarifs, Assurance & D\u00e9marches | KMFDA\",\"isPartOf\":{\"@id\":\"https:\/\/www.federationkravmaga.com\/#website\"},\"datePublished\":\"2025-04-17T09:27:42+00:00\",\"dateModified\":\"2025-10-15T08:20:36+00:00\",\"description\":\"Licences et affiliation, assurance, formations, r\u00e9f\u00e9rencement, services mutualis\u00e9s. T\u00e9l\u00e9chargez le dossier d\u2019affiliation\",\"breadcrumb\":{\"@id\":\"https:\/\/www.federationkravmaga.com\/index.php\/licences-et-affiliation\/#breadcrumb\"},\"inLanguage\":\"fr-FR\",\"potentialAction\":[{\"@type\":\"ReadAction\",\"target\":[\"https:\/\/www.federationkravmaga.com\/index.php\/licences-et-affiliation\/\"]}]},{\"@type\":\"BreadcrumbList\",\"@id\":\"https:\/\/www.federationkravmaga.com\/index.php\/licences-et-affiliation\/#breadcrumb\",\"itemListElement\":[{\"@type\":\"ListItem\",\"position\":1,\"name\":\"Accueil\",\"item\":\"https:\/\/www.federationkravmaga.com\/\"},{\"@type\":\"ListItem\",\"position\":2,\"name\":\"LICENCES ET AFFILIATION\"}]},{\"@type\":\"WebSite\",\"@id\":\"https:\/\/www.federationkravmaga.com\/#website\",\"url\":\"https:\/\/www.federationkravmaga.com\/\",\"name\":\"KMFDA\",\"description\":\"F\u00e9d\u00e9ration de Krav Maga et Disciplines Associ\u00e9es\",\"potentialAction\":[{\"@type\":\"SearchAction\",\"target\":{\"@type\":\"EntryPoint\",\"urlTemplate\":\"https:\/\/www.federationkravmaga.com\/?s={search_term_string}\"},\"query-input\":{\"@type\":\"PropertyValueSpecification\",\"valueRequired\":true,\"valueName\":\"search_term_string\"}}],\"inLanguage\":\"fr-FR\"}]}<\/script>\n<!-- \/ Yoast SEO plugin. -->","yoast_head_json":{"title":"Licences & Affiliation \u2014 Tarifs, Assurance & D\u00e9marches | KMFDA","description":"Licences et affiliation, assurance, formations, r\u00e9f\u00e9rencement, services mutualis\u00e9s. T\u00e9l\u00e9chargez le dossier d\u2019affiliation","robots":{"index":"index","follow":"follow","max-snippet":"max-snippet:-1","max-image-preview":"max-image-preview:large","max-video-preview":"max-video-preview:-1"},"canonical":"https:\/\/www.federationkravmaga.com\/index.php\/licences-et-affiliation\/","og_locale":"fr_FR","og_type":"article","og_title":"Licences & Affiliation \u2014 Tarifs, Assurance & D\u00e9marches | KMFDA","og_description":"Licences et affiliation, assurance, formations, r\u00e9f\u00e9rencement, services mutualis\u00e9s. T\u00e9l\u00e9chargez le dossier d\u2019affiliation","og_url":"https:\/\/www.federationkravmaga.com\/index.php\/licences-et-affiliation\/","og_site_name":"KMFDA","article_modified_time":"2025-10-15T08:20:36+00:00","twitter_card":"summary_large_image","twitter_misc":{"Dur\u00e9e de lecture estim\u00e9e":"2 minutes"},"schema":{"@context":"https:\/\/schema.org","@graph":[{"@type":"WebPage","@id":"https:\/\/www.federationkravmaga.com\/index.php\/licences-et-affiliation\/","url":"https:\/\/www.federationkravmaga.com\/index.php\/licences-et-affiliation\/","name":"Licences & Affiliation \u2014 Tarifs, Assurance & D\u00e9marches | KMFDA","isPartOf":{"@id":"https:\/\/www.federationkravmaga.com\/#website"},"datePublished":"2025-04-17T09:27:42+00:00","dateModified":"2025-10-15T08:20:36+00:00","description":"Licences et affiliation, assurance, formations, r\u00e9f\u00e9rencement, services mutualis\u00e9s. T\u00e9l\u00e9chargez le dossier d\u2019affiliation","breadcrumb":{"@id":"https:\/\/www.federationkravmaga.com\/index.php\/licences-et-affiliation\/#breadcrumb"},"inLanguage":"fr-FR","potentialAction":[{"@type":"ReadAction","target":["https:\/\/www.federationkravmaga.com\/index.php\/licences-et-affiliation\/"]}]},{"@type":"BreadcrumbList","@id":"https:\/\/www.federationkravmaga.com\/index.php\/licences-et-affiliation\/#breadcrumb","itemListElement":[{"@type":"ListItem","position":1,"name":"Accueil","item":"https:\/\/www.federationkravmaga.com\/"},{"@type":"ListItem","position":2,"name":"LICENCES ET AFFILIATION"}]},{"@type":"WebSite","@id":"https:\/\/www.federationkravmaga.com\/#website","url":"https:\/\/www.federationkravmaga.com\/","name":"KMFDA","description":"F\u00e9d\u00e9ration de Krav Maga et Disciplines Associ\u00e9es","potentialAction":[{"@type":"SearchAction","target":{"@type":"EntryPoint","urlTemplate":"https:\/\/www.federationkravmaga.com\/?s={search_term_string}"},"query-input":{"@type":"PropertyValueSpecification","valueRequired":true,"valueName":"search_term_string"}}],"inLanguage":"fr-FR"}]}},"_links":{"self":[{"href":"https:\/\/www.federationkravmaga.com\/index.php\/wp-json\/wp\/v2\/pages\/275","targetHints":{"allow":["GET"]}}],"collection":[{"href":"https:\/\/www.federationkravmaga.com\/index.php\/wp-json\/wp\/v2\/pages"}],"about":[{"href":"https:\/\/www.federationkravmaga.com\/index.php\/wp-json\/wp\/v2\/types\/page"}],"author":[{"embeddable":true,"href":"https:\/\/www.federationkravmaga.com\/index.php\/wp-json\/wp\/v2\/users\/1"}],"replies":[{"embeddable":true,"href":"https:\/\/www.federationkravmaga.com\/index.php\/wp-json\/wp\/v2\/comments?post=275"}],"version-history":[{"count":10,"href":"https:\/\/www.federationkravmaga.com\/index.php\/wp-json\/wp\/v2\/pages\/275\/revisions"}],"predecessor-version":[{"id":719,"href":"https:\/\/www.federationkravmaga.com\/index.php\/wp-json\/wp\/v2\/pages\/275\/revisions\/719"}],"wp:attachment":[{"href":"https:\/\/www.federationkravmaga.com\/index.php\/wp-json\/wp\/v2\/media?parent=275"}],"curies":[{"name":"wp","href":"https:\/\/api.w.org\/{rel}","templated":true}]}}