{"id":280,"date":"2025-04-17T11:41:58","date_gmt":"2025-04-17T09:41:58","guid":{"rendered":"https:\/\/www.federationkravmaga.fr\/?page_id=280"},"modified":"2025-10-15T11:26:53","modified_gmt":"2025-10-15T09:26:53","slug":"les-grades-et-equivalences","status":"publish","type":"page","link":"https:\/\/www.federationkravmaga.com\/index.php\/les-grades-et-equivalences\/","title":{"rendered":"Les grades et \u00e9quivalences"},"content":{"rendered":"<p>[et_pb_section fb_built=\u00a0\u00bb1&Prime; admin_label=\u00a0\u00bbHeader\u00a0\u00bb _builder_version=\u00a0\u00bb4.27.2&Prime; _module_preset=\u00a0\u00bbdefault\u00a0\u00bb use_background_color_gradient=\u00a0\u00bbon\u00a0\u00bb background_color_gradient_direction=\u00a0\u00bb90deg\u00a0\u00bb background_color_gradient_stops=\u00a0\u00bbrgba(255,255,255,0) 0%|rgba(138,138,138,0.34) 10%|rgba(0,0,0,0.77) 100%\u00a0\u00bb background_color_gradient_overlays_image=\u00a0\u00bbon\u00a0\u00bb background_image=\u00a0\u00bbhttps:\/\/www.federationkravmaga.com\/wp-content\/uploads\/2025\/05\/couv-grade.jpg\u00a0\u00bb custom_padding=\u00a0\u00bb10vw||10vw||true|false\u00a0\u00bb locked=\u00a0\u00bboff\u00a0\u00bb collapsed=\u00a0\u00bbon\u00a0\u00bb global_colors_info=\u00a0\u00bb{}\u00a0\u00bb][et_pb_row _builder_version=\u00a0\u00bb4.27.2&Prime; _module_preset=\u00a0\u00bbdefault\u00a0\u00bb global_colors_info=\u00a0\u00bb{}\u00a0\u00bb][et_pb_column type=\u00a0\u00bb4_4&Prime; _builder_version=\u00a0\u00bb4.27.2&Prime; _module_preset=\u00a0\u00bbdefault\u00a0\u00bb global_colors_info=\u00a0\u00bb{}\u00a0\u00bb][et_pb_text _builder_version=\u00a0\u00bb4.27.4&Prime; _module_preset=\u00a0\u00bb7d27b5d1-10c8-43e5-8f9a-7e49b62a0b40&Prime; header_font=\u00a0\u00bbOswald|700||on|||||\u00a0\u00bb header_text_color=\u00a0\u00bb#FFFFFF\u00a0\u00bb header_font_size=\u00a0\u00bb5vw\u00a0\u00bb header_line_height=\u00a0\u00bb1.2em\u00a0\u00bb text_orientation=\u00a0\u00bbright\u00a0\u00bb width=\u00a0\u00bb72%\u00a0\u00bb module_alignment=\u00a0\u00bbright\u00a0\u00bb custom_margin=\u00a0\u00bb||10px|-192px|false|false\u00a0\u00bb header_font_size_tablet=\u00a0\u00bb5vw\u00a0\u00bb header_font_size_phone=\u00a0\u00bb8vw\u00a0\u00bb header_font_size_last_edited=\u00a0\u00bbon|phone\u00a0\u00bb global_colors_info=\u00a0\u00bb{}\u00a0\u00bb]<\/p>\n<h1>LES GRADES ET \u00c9QUIVALENCES<\/h1>\n<p>[\/et_pb_text][\/et_pb_column][\/et_pb_row][\/et_pb_section][et_pb_section fb_built=\u00a0\u00bb1&Prime; admin_label=\u00a0\u00bbHeader\u00a0\u00bb _builder_version=\u00a0\u00bb4.22.1&Prime; _module_preset=\u00a0\u00bbdefault\u00a0\u00bb collapsed=\u00a0\u00bbon\u00a0\u00bb global_colors_info=\u00a0\u00bb{}\u00a0\u00bb][et_pb_row _builder_version=\u00a0\u00bb4.27.2&Prime; _module_preset=\u00a0\u00bbdefault\u00a0\u00bb global_colors_info=\u00a0\u00bb{}\u00a0\u00bb][et_pb_column type=\u00a0\u00bb4_4&Prime; _builder_version=\u00a0\u00bb4.22.1&Prime; _module_preset=\u00a0\u00bbdefault\u00a0\u00bb global_colors_info=\u00a0\u00bb{}\u00a0\u00bb][et_pb_text _builder_version=\u00a0\u00bb4.27.4&Prime; _module_preset=\u00a0\u00bbd5cc805c-beac-4f35-b772-fb136bda94fd\u00a0\u00bb text_font=\u00a0\u00bb||||||||\u00a0\u00bb text_font_size=\u00a0\u00bb16px\u00a0\u00bb module_alignment=\u00a0\u00bbcenter\u00a0\u00bb custom_margin=\u00a0\u00bb22px||||false|false\u00a0\u00bb hover_enabled=\u00a0\u00bb0&Prime; global_colors_info=\u00a0\u00bb{}\u00a0\u00bb sticky_enabled=\u00a0\u00bb0&Prime;]<\/p>\n<div class=\"leaf_row\">\n<div class=\"vc_row wpb_row vc_row-fluid\">\n<div class=\"wpb_column vc_column_container vc_col-sm-12\">\n<div class=\"vc_column-inner\">\n<div class=\"wpb_wrapper\">\n<div class=\"wpb_text_column wpb_content_element \">\n<div class=\"wpb_wrapper\">\n<p data-start=\"138\" data-end=\"437\">Le syst\u00e8me de <strong data-start=\"152\" data-end=\"172\">grades Krav Maga<\/strong> mis en place par la <strong data-start=\"193\" data-end=\"202\">KMFDA<\/strong> garantit une progression claire, coh\u00e9rente et \u00e9quitable pour tous les pratiquants.<br data-start=\"285\" data-end=\"288\" \/>Cette page d\u00e9taille les <strong data-start=\"312\" data-end=\"338\">\u00e9quivalences de grades<\/strong>, les modalit\u00e9s d\u2019\u00e9valuation et les crit\u00e8res de reconnaissance utilis\u00e9s au sein de la f\u00e9d\u00e9ration.<\/p>\n<p data-start=\"439\" data-end=\"844\">Nous sommes bien conscients que notre f\u00e9d\u00e9ration est encore en cours de d\u00e9ploiement.<br data-start=\"523\" data-end=\"526\" \/>Nous nous donnons un d\u00e9lai maximum de deux ans pour <strong data-start=\"578\" data-end=\"608\">certifier sous notre label<\/strong> les grades de nos instructeurs et membres.<br data-start=\"651\" data-end=\"654\" \/>Durant cette p\u00e9riode, nous attribuerons une <strong data-start=\"698\" data-end=\"722\">\u00e9quivalence de grade<\/strong> \u00e0 l\u2019ensemble des pratiquants. De la ceinture jaune \u00e0 la ceinture marron, au sein des clubs (sauf pour les initiateurs).<\/p>\n<p data-start=\"846\" data-end=\"1145\">En revanche, pour les <strong data-start=\"868\" data-end=\"917\">ceintures noires, instructeurs et initiateurs<\/strong>, le comit\u00e9 technique se r\u00e9serve le droit d\u2019effectuer une <strong data-start=\"975\" data-end=\"1007\">\u00e9valuation du niveau r\u00e9clam\u00e9<\/strong> afin de confirmer ou non l\u2019\u00e9quivalence.<\/p>\n<p class=\"mbr-fonts-style mbr-text display-4\">Selon la r\u00e8glementation de la <a href=\"https:\/\/www.ffkarate.fr\/wp-content\/uploads\/2022\/10\/CSDGE-TECHNIQUE-KRAVMAGA-2022-2023-v2_bd.pdf?utm_source=chatgpt.com\">CSDGE<\/a> pour les grades \u00e9quivalents.<\/p>\n<h3>\u00a0<\/h3>\n<h3>L\u2019\u00e9valuation consistera en 2 \u00e9tapes :<\/h3>\n<ul>\n<li>une video d\u2019un shadow + d\u2019un d\u00e9roul\u00e9 de cours.<\/li>\n<li>un examen technique de plusieurs mises en situations al\u00e9atoires + entretien sur la compr\u00e9hension des principes du krav maga.<\/li>\n<\/ul>\n<p>&nbsp;<\/p>\n<p data-start=\"1427\" data-end=\"1663\">Cette \u00e9valuation se d\u00e9roulera en toute transparence et dans un esprit de bienveillance entre le comit\u00e9 technique et les candidats.<br data-start=\"1557\" data-end=\"1560\" \/>L\u2019objectif est de <strong data-start=\"1578\" data-end=\"1632\">garantir l\u2019exigence et l\u2019excellence d\u2019enseignement<\/strong> que d\u00e9fend notre f\u00e9d\u00e9ration.<\/p>\n<p><a href=\"https:\/\/www.federationkravmaga.com\/index.php\/programme-technique-examens\/\">Le programme technique<\/a><\/p>\n<\/div>\n<\/div>\n<\/div>\n<\/div>\n<\/div>\n<\/div>\n<\/div>\n<p>[\/et_pb_text][\/et_pb_column][\/et_pb_row][\/et_pb_section]<\/p>\n","protected":false},"excerpt":{"rendered":"<p>LES GRADES ET \u00c9QUIVALENCES Le syst\u00e8me de grades Krav Maga mis en place par la KMFDA garantit une progression claire, coh\u00e9rente et \u00e9quitable pour tous les pratiquants.Cette page d\u00e9taille les [&hellip;]<\/p>\n","protected":false},"author":1,"featured_media":0,"parent":0,"menu_order":0,"comment_status":"closed","ping_status":"closed","template":"","meta":{"_et_pb_use_builder":"on","_et_pb_old_content":"","_et_gb_content_width":"","footnotes":""},"class_list":["post-280","page","type-page","status-publish","hentry"],"yoast_head":"<!-- This site is optimized with the Yoast SEO plugin v27.1.1 - https:\/\/yoast.com\/product\/yoast-seo-wordpress\/ -->\n<title>Grades &amp; \u00e9quivalences \u2014 Syst\u00e8me de grades KMFDA<\/title>\n<meta name=\"description\" content=\"D\u00e9couvrez le syst\u00e8me de grades de la KMFDA, l\u2019attribution des \u00e9quivalences et les modalit\u00e9s d\u2019\u00e9valuation pour les ceintures jaunes \u00e0 noires.\" \/>\n<meta name=\"robots\" content=\"index, follow, max-snippet:-1, max-image-preview:large, max-video-preview:-1\" \/>\n<link rel=\"canonical\" href=\"https:\/\/www.federationkravmaga.com\/index.php\/les-grades-et-equivalences\/\" \/>\n<meta property=\"og:locale\" content=\"fr_FR\" \/>\n<meta property=\"og:type\" content=\"article\" \/>\n<meta property=\"og:title\" content=\"Grades &amp; \u00e9quivalences \u2014 Syst\u00e8me de grades KMFDA\" \/>\n<meta property=\"og:description\" content=\"D\u00e9couvrez le syst\u00e8me de grades de la KMFDA, l\u2019attribution des \u00e9quivalences et les modalit\u00e9s d\u2019\u00e9valuation pour les ceintures jaunes \u00e0 noires.\" \/>\n<meta property=\"og:url\" content=\"https:\/\/www.federationkravmaga.com\/index.php\/les-grades-et-equivalences\/\" \/>\n<meta property=\"og:site_name\" content=\"KMFDA\" \/>\n<meta property=\"article:modified_time\" content=\"2025-10-15T09:26:53+00:00\" \/>\n<meta name=\"twitter:card\" content=\"summary_large_image\" \/>\n<meta name=\"twitter:label1\" content=\"Dur\u00e9e de lecture estim\u00e9e\" \/>\n\t<meta name=\"twitter:data1\" content=\"2 minutes\" \/>\n<script type=\"application\/ld+json\" class=\"yoast-schema-graph\">{\"@context\":\"https:\/\/schema.org\",\"@graph\":[{\"@type\":\"WebPage\",\"@id\":\"https:\/\/www.federationkravmaga.com\/index.php\/les-grades-et-equivalences\/\",\"url\":\"https:\/\/www.federationkravmaga.com\/index.php\/les-grades-et-equivalences\/\",\"name\":\"Grades & \u00e9quivalences \u2014 Syst\u00e8me de grades KMFDA\",\"isPartOf\":{\"@id\":\"https:\/\/www.federationkravmaga.com\/#website\"},\"datePublished\":\"2025-04-17T09:41:58+00:00\",\"dateModified\":\"2025-10-15T09:26:53+00:00\",\"description\":\"D\u00e9couvrez le syst\u00e8me de grades de la KMFDA, l\u2019attribution des \u00e9quivalences et les modalit\u00e9s d\u2019\u00e9valuation pour les ceintures jaunes \u00e0 noires.\",\"breadcrumb\":{\"@id\":\"https:\/\/www.federationkravmaga.com\/index.php\/les-grades-et-equivalences\/#breadcrumb\"},\"inLanguage\":\"fr-FR\",\"potentialAction\":[{\"@type\":\"ReadAction\",\"target\":[\"https:\/\/www.federationkravmaga.com\/index.php\/les-grades-et-equivalences\/\"]}]},{\"@type\":\"BreadcrumbList\",\"@id\":\"https:\/\/www.federationkravmaga.com\/index.php\/les-grades-et-equivalences\/#breadcrumb\",\"itemListElement\":[{\"@type\":\"ListItem\",\"position\":1,\"name\":\"Accueil\",\"item\":\"https:\/\/www.federationkravmaga.com\/\"},{\"@type\":\"ListItem\",\"position\":2,\"name\":\"Les grades et \u00e9quivalences\"}]},{\"@type\":\"WebSite\",\"@id\":\"https:\/\/www.federationkravmaga.com\/#website\",\"url\":\"https:\/\/www.federationkravmaga.com\/\",\"name\":\"KMFDA\",\"description\":\"F\u00e9d\u00e9ration de Krav Maga et Disciplines Associ\u00e9es\",\"potentialAction\":[{\"@type\":\"SearchAction\",\"target\":{\"@type\":\"EntryPoint\",\"urlTemplate\":\"https:\/\/www.federationkravmaga.com\/?s={search_term_string}\"},\"query-input\":{\"@type\":\"PropertyValueSpecification\",\"valueRequired\":true,\"valueName\":\"search_term_string\"}}],\"inLanguage\":\"fr-FR\"}]}<\/script>\n<!-- \/ Yoast SEO plugin. -->","yoast_head_json":{"title":"Grades & \u00e9quivalences \u2014 Syst\u00e8me de grades KMFDA","description":"D\u00e9couvrez le syst\u00e8me de grades de la KMFDA, l\u2019attribution des \u00e9quivalences et les modalit\u00e9s d\u2019\u00e9valuation pour les ceintures jaunes \u00e0 noires.","robots":{"index":"index","follow":"follow","max-snippet":"max-snippet:-1","max-image-preview":"max-image-preview:large","max-video-preview":"max-video-preview:-1"},"canonical":"https:\/\/www.federationkravmaga.com\/index.php\/les-grades-et-equivalences\/","og_locale":"fr_FR","og_type":"article","og_title":"Grades & \u00e9quivalences \u2014 Syst\u00e8me de grades KMFDA","og_description":"D\u00e9couvrez le syst\u00e8me de grades de la KMFDA, l\u2019attribution des \u00e9quivalences et les modalit\u00e9s d\u2019\u00e9valuation pour les ceintures jaunes \u00e0 noires.","og_url":"https:\/\/www.federationkravmaga.com\/index.php\/les-grades-et-equivalences\/","og_site_name":"KMFDA","article_modified_time":"2025-10-15T09:26:53+00:00","twitter_card":"summary_large_image","twitter_misc":{"Dur\u00e9e de lecture estim\u00e9e":"2 minutes"},"schema":{"@context":"https:\/\/schema.org","@graph":[{"@type":"WebPage","@id":"https:\/\/www.federationkravmaga.com\/index.php\/les-grades-et-equivalences\/","url":"https:\/\/www.federationkravmaga.com\/index.php\/les-grades-et-equivalences\/","name":"Grades & \u00e9quivalences \u2014 Syst\u00e8me de grades KMFDA","isPartOf":{"@id":"https:\/\/www.federationkravmaga.com\/#website"},"datePublished":"2025-04-17T09:41:58+00:00","dateModified":"2025-10-15T09:26:53+00:00","description":"D\u00e9couvrez le syst\u00e8me de grades de la KMFDA, l\u2019attribution des \u00e9quivalences et les modalit\u00e9s d\u2019\u00e9valuation pour les ceintures jaunes \u00e0 noires.","breadcrumb":{"@id":"https:\/\/www.federationkravmaga.com\/index.php\/les-grades-et-equivalences\/#breadcrumb"},"inLanguage":"fr-FR","potentialAction":[{"@type":"ReadAction","target":["https:\/\/www.federationkravmaga.com\/index.php\/les-grades-et-equivalences\/"]}]},{"@type":"BreadcrumbList","@id":"https:\/\/www.federationkravmaga.com\/index.php\/les-grades-et-equivalences\/#breadcrumb","itemListElement":[{"@type":"ListItem","position":1,"name":"Accueil","item":"https:\/\/www.federationkravmaga.com\/"},{"@type":"ListItem","position":2,"name":"Les grades et \u00e9quivalences"}]},{"@type":"WebSite","@id":"https:\/\/www.federationkravmaga.com\/#website","url":"https:\/\/www.federationkravmaga.com\/","name":"KMFDA","description":"F\u00e9d\u00e9ration de Krav Maga et Disciplines Associ\u00e9es","potentialAction":[{"@type":"SearchAction","target":{"@type":"EntryPoint","urlTemplate":"https:\/\/www.federationkravmaga.com\/?s={search_term_string}"},"query-input":{"@type":"PropertyValueSpecification","valueRequired":true,"valueName":"search_term_string"}}],"inLanguage":"fr-FR"}]}},"_links":{"self":[{"href":"https:\/\/www.federationkravmaga.com\/index.php\/wp-json\/wp\/v2\/pages\/280","targetHints":{"allow":["GET"]}}],"collection":[{"href":"https:\/\/www.federationkravmaga.com\/index.php\/wp-json\/wp\/v2\/pages"}],"about":[{"href":"https:\/\/www.federationkravmaga.com\/index.php\/wp-json\/wp\/v2\/types\/page"}],"author":[{"embeddable":true,"href":"https:\/\/www.federationkravmaga.com\/index.php\/wp-json\/wp\/v2\/users\/1"}],"replies":[{"embeddable":true,"href":"https:\/\/www.federationkravmaga.com\/index.php\/wp-json\/wp\/v2\/comments?post=280"}],"version-history":[{"count":15,"href":"https:\/\/www.federationkravmaga.com\/index.php\/wp-json\/wp\/v2\/pages\/280\/revisions"}],"predecessor-version":[{"id":728,"href":"https:\/\/www.federationkravmaga.com\/index.php\/wp-json\/wp\/v2\/pages\/280\/revisions\/728"}],"wp:attachment":[{"href":"https:\/\/www.federationkravmaga.com\/index.php\/wp-json\/wp\/v2\/media?parent=280"}],"curies":[{"name":"wp","href":"https:\/\/api.w.org\/{rel}","templated":true}]}}