{"id":285,"date":"2025-04-17T14:23:49","date_gmt":"2025-04-17T12:23:49","guid":{"rendered":"https:\/\/www.federationkravmaga.fr\/?page_id=285"},"modified":"2025-11-03T10:11:51","modified_gmt":"2025-11-03T09:11:51","slug":"programme-technique-examens","status":"publish","type":"page","link":"https:\/\/www.federationkravmaga.com\/index.php\/programme-technique-examens\/","title":{"rendered":"Programme technique &#038; examens"},"content":{"rendered":"<p>[et_pb_section fb_built=\u00a0\u00bb1&Prime; admin_label=\u00a0\u00bbHeader\u00a0\u00bb _builder_version=\u00a0\u00bb4.27.2&Prime; _module_preset=\u00a0\u00bbdefault\u00a0\u00bb use_background_color_gradient=\u00a0\u00bbon\u00a0\u00bb background_color_gradient_direction=\u00a0\u00bb90deg\u00a0\u00bb background_color_gradient_stops=\u00a0\u00bbrgba(255,255,255,0) 0%|rgba(0,0,0,0.8) 100%\u00a0\u00bb background_color_gradient_overlays_image=\u00a0\u00bbon\u00a0\u00bb background_image=\u00a0\u00bbhttps:\/\/www.federationkravmaga.com\/wp-content\/uploads\/2025\/05\/couv-programme-examens.jpg\u00a0\u00bb custom_padding=\u00a0\u00bb10vw||10vw||true|false\u00a0\u00bb locked=\u00a0\u00bboff\u00a0\u00bb collapsed=\u00a0\u00bbon\u00a0\u00bb global_colors_info=\u00a0\u00bb{}\u00a0\u00bb][et_pb_row _builder_version=\u00a0\u00bb4.27.2&Prime; _module_preset=\u00a0\u00bbdefault\u00a0\u00bb global_colors_info=\u00a0\u00bb{}\u00a0\u00bb][et_pb_column type=\u00a0\u00bb4_4&Prime; _builder_version=\u00a0\u00bb4.27.2&Prime; _module_preset=\u00a0\u00bbdefault\u00a0\u00bb global_colors_info=\u00a0\u00bb{}\u00a0\u00bb][et_pb_text _builder_version=\u00a0\u00bb4.27.4&Prime; _module_preset=\u00a0\u00bb7d27b5d1-10c8-43e5-8f9a-7e49b62a0b40&Prime; header_font=\u00a0\u00bbOswald|700||on|||||\u00a0\u00bb header_text_color=\u00a0\u00bb#FFFFFF\u00a0\u00bb header_font_size=\u00a0\u00bb5vw\u00a0\u00bb header_line_height=\u00a0\u00bb1.2em\u00a0\u00bb text_orientation=\u00a0\u00bbright\u00a0\u00bb width=\u00a0\u00bb80%\u00a0\u00bb module_alignment=\u00a0\u00bbright\u00a0\u00bb custom_margin=\u00a0\u00bb||10px|-192px|false|false\u00a0\u00bb header_font_size_tablet=\u00a0\u00bb5vw\u00a0\u00bb header_font_size_phone=\u00a0\u00bb8vw\u00a0\u00bb header_font_size_last_edited=\u00a0\u00bbon|phone\u00a0\u00bb global_colors_info=\u00a0\u00bb{}\u00a0\u00bb]<\/p>\n<h1>PROGRAMME TECHNIQUE ET EXAMENS<\/h1>\n<p>[\/et_pb_text][\/et_pb_column][\/et_pb_row][\/et_pb_section][et_pb_section fb_built=\u00a0\u00bb1&Prime; next_background_color=\u00a0\u00bb#ffffff\u00a0\u00bb admin_label=\u00a0\u00bbHeader\u00a0\u00bb _builder_version=\u00a0\u00bb4.27.2&Prime; _module_preset=\u00a0\u00bbdefault\u00a0\u00bb background_color=\u00a0\u00bb#f2f2f2&Prime; custom_padding=\u00a0\u00bb||106px|||\u00a0\u00bb bottom_divider_style=\u00a0\u00bbslant2&Prime; collapsed=\u00a0\u00bbon\u00a0\u00bb global_colors_info=\u00a0\u00bb{}\u00a0\u00bb][et_pb_row _builder_version=\u00a0\u00bb4.27.2&Prime; _module_preset=\u00a0\u00bbdefault\u00a0\u00bb global_colors_info=\u00a0\u00bb{}\u00a0\u00bb][et_pb_column type=\u00a0\u00bb4_4&Prime; _builder_version=\u00a0\u00bb4.22.1&Prime; _module_preset=\u00a0\u00bbdefault\u00a0\u00bb global_colors_info=\u00a0\u00bb{}\u00a0\u00bb][et_pb_text _builder_version=\u00a0\u00bb4.27.4&Prime; _module_preset=\u00a0\u00bbd5cc805c-beac-4f35-b772-fb136bda94fd\u00a0\u00bb text_font=\u00a0\u00bb||||||||\u00a0\u00bb text_font_size=\u00a0\u00bb16px\u00a0\u00bb text_line_height=\u00a0\u00bb1.8em\u00a0\u00bb header_font=\u00a0\u00bb|||on|||||\u00a0\u00bb header_2_font=\u00a0\u00bb|||on|||||\u00a0\u00bb header_2_text_color=\u00a0\u00bb#E02B20&Prime; header_2_font_size=\u00a0\u00bb45px\u00a0\u00bb module_alignment=\u00a0\u00bbcenter\u00a0\u00bb custom_margin=\u00a0\u00bb22px||||false|false\u00a0\u00bb global_colors_info=\u00a0\u00bb{}\u00a0\u00bb]<\/p>\n<div class=\"leaf_row\">\n<div class=\"vc_row wpb_row vc_row-fluid\">\n<div class=\"wpb_column vc_column_container vc_col-sm-12\">\n<div class=\"vc_column-inner\">\n<div class=\"wpb_wrapper\">\n<div class=\"wpb_text_column wpb_content_element \">\n<div class=\"wpb_wrapper\">\n<h2>Programme Technique<\/h2>\n<p>&nbsp;<\/p>\n<p data-start=\"136\" data-end=\"375\">La <strong data-start=\"139\" data-end=\"153\">F\u00e9d\u00e9ration<\/strong> d\u00e9ploie le <strong data-start=\"165\" data-end=\"203\">programme technique et p\u00e9dagogique<\/strong> lors de <strong data-start=\"212\" data-end=\"237\">sessions de formation<\/strong> destin\u00e9es aux instructeurs.<br data-start=\"265\" data-end=\"268\" \/>Elle le diffuse \u00e9galement \u00e0 travers des <strong data-start=\"308\" data-end=\"327\">supports \u00e9crits<\/strong>, disponibles dans l\u2019espace partag\u00e9 des clubs.<\/p>\n<p data-start=\"377\" data-end=\"671\">Les <strong data-start=\"381\" data-end=\"415\">r\u00e9f\u00e9rents techniques r\u00e9gionaux<\/strong> soutiennent activement ce programme sur le terrain.<br data-start=\"467\" data-end=\"470\" \/>Ils \u00e9coutent les besoins des clubs et se d\u00e9placent pour leur apporter leur expertise lorsque cela est n\u00e9cessaire.<br data-start=\"583\" data-end=\"586\" \/>La <strong data-start=\"589\" data-end=\"636\">f\u00e9d\u00e9ration prend en charge ces d\u00e9placements<\/strong>, sans aucun co\u00fbt pour les clubs.<\/p>\n<p><strong>Notre programme a \u00e9t\u00e9 pens\u00e9 pour r\u00e9pondre aussi \u00e0 des besoins sp\u00e9cifiques si besoin :<\/strong><\/p>\n<ul>\n<li>Elle \u00e9tablit une <strong data-start=\"782\" data-end=\"800\">correspondance<\/strong> entre le programme enfants et le programme adultes.<\/li>\n<li>Elle propose une <strong data-start=\"874\" data-end=\"904\">approche d\u00e9di\u00e9e aux femmes<\/strong> (<em data-start=\"906\" data-end=\"919\">Krav Magirl<\/em>), afin de permettre une pratique dans un environnement s\u00e9curis\u00e9 et bienveillant. Les participantes \u00e9voluent lors de cours ou stages 100 % f\u00e9minins.<br data-start=\"1071\" data-end=\"1074\" \/>Ce cadre de confiance leur permet d\u2019aborder librement des situations v\u00e9cues et de trouver des solutions adapt\u00e9es \u00e0 leur morphologie et \u00e0 leur psychologie. Avec le temps et l\u2019exp\u00e9rience, elles peuvent rejoindre des cours mixtes ou continuer dans un groupe exclusivement f\u00e9minin, selon leurs envies.<\/li>\n<li>La f\u00e9d\u00e9ration d\u00e9veloppe une <strong data-start=\"1410\" data-end=\"1454\">approche sp\u00e9cifique pour les entreprises<\/strong> (<em data-start=\"1456\" data-end=\"1468\">Krav &amp; Cie<\/em>), ax\u00e9e sur leurs objectifs : gestion du stress, adaptation des techniques aux situations professionnelles ou renforcement du team building.<\/li>\n<li>Elle met \u00e9galement en place un <strong data-start=\"1644\" data-end=\"1694\">module d\u00e9di\u00e9 aux professionnels de la s\u00e9curit\u00e9<\/strong> (<em data-start=\"1696\" data-end=\"1711\">Krav Tactical<\/em>), construit autour de sc\u00e9narios concrets et de techniques op\u00e9rationnelles.<\/li>\n<\/ul>\n<\/div>\n<\/div>\n<\/div>\n<\/div>\n<\/div>\n<\/div>\n<\/div>\n<p>[\/et_pb_text][\/et_pb_column][\/et_pb_row][\/et_pb_section][et_pb_section fb_built=\u00a0\u00bb1&Prime; _builder_version=\u00a0\u00bb4.27.2&Prime; _module_preset=\u00a0\u00bbdefault\u00a0\u00bb custom_padding=\u00a0\u00bb24px|||||\u00a0\u00bb global_colors_info=\u00a0\u00bb{}\u00a0\u00bb][et_pb_row _builder_version=\u00a0\u00bb4.27.2&Prime; _module_preset=\u00a0\u00bbdefault\u00a0\u00bb global_colors_info=\u00a0\u00bb{}\u00a0\u00bb][et_pb_column type=\u00a0\u00bb4_4&Prime; _builder_version=\u00a0\u00bb4.27.2&Prime; _module_preset=\u00a0\u00bbdefault\u00a0\u00bb global_colors_info=\u00a0\u00bb{}\u00a0\u00bb][et_pb_text _builder_version=\u00a0\u00bb4.27.2&Prime; _module_preset=\u00a0\u00bbdefault\u00a0\u00bb header_2_font=\u00a0\u00bb|||on|||||\u00a0\u00bb header_2_font_size=\u00a0\u00bb45px\u00a0\u00bb global_colors_info=\u00a0\u00bb{}\u00a0\u00bb]<\/p>\n<h2>Programme Examens<\/h2>\n<p>&nbsp;<\/p>\n<p>Le cursus d\u2019apprentissage est jalonn\u00e9, pour ceux qui le souhaitent (il n\u2019y a aucune obligation) d\u2019examens pour l\u2019obtention de grades.<br \/>Ces examens ont pour vocation de valider l\u2019acquisition des fondamentaux, des techniques et des principes de notre discipline en fonction du niveau de pratique.<\/p>\n<p><strong>Le syst\u00e8me des grades se d\u00e9compose comme suit :\u00a0<\/strong><\/p>\n<ul>\n<li><strong>1 an : Ceinture Jaune<\/strong><\/li>\n<li><strong>2 ans : Ceinture Orange<\/strong><\/li>\n<li><strong>3 ans : Ceinture Verte<\/strong><\/li>\n<li><strong>4 ans : Ceinture Bleue\u00a0<\/strong><\/li>\n<li><strong>5 ans : Ceinture Marron\u00a0<\/strong><\/li>\n<li><strong>6 ans : Ceinture Noire \u2013 1er Degr\u00e9<\/strong><\/li>\n<\/ul>\n<p>A partir de la ceinture noire, les degr\u00e9s vont de 1 \u00e0 5 et ils peuvent \u00eatre pr\u00e9sent\u00e9s tous les 3 ans. Pourquoi ? parce que nous reconnaissons que nous n\u2019avons pas tous le m\u00eame parcours martial, les m\u00eames facilit\u00e9s, la m\u00eame implication ou les m\u00eames objectifs. De ce fait nous ne souhaitons pas \u00ab p\u00e9naliser \u00bb par le temps la progression de ceux qui se donneraient les moyens d\u2019apprendre et d\u2019assimiler plus rapidement que d\u2019autres notre discipline. Et cela est coh\u00e9rent avec notre syst\u00e8me de recyclage des grades tous les 2 ans.<br \/>Les examens de la ceinture jaune \u00e0 la ceinture marron se d\u00e9roulent dans les clubs ; \u00e0 partir de la ceinture noire le passage de grade est f\u00e9d\u00e9ral et annuel sur une date<\/p>\n<p>[\/et_pb_text][\/et_pb_column][\/et_pb_row][et_pb_row column_structure=\u00a0\u00bb1_2,1_2&Prime; _builder_version=\u00a0\u00bb4.27.2&Prime; _module_preset=\u00a0\u00bbdefault\u00a0\u00bb global_colors_info=\u00a0\u00bb{}\u00a0\u00bb][et_pb_column type=\u00a0\u00bb1_2&Prime; _builder_version=\u00a0\u00bb4.27.2&Prime; _module_preset=\u00a0\u00bbdefault\u00a0\u00bb global_colors_info=\u00a0\u00bb{}\u00a0\u00bb][et_pb_button button_text=\u00a0\u00bbProgramme jaune \u00e0 marron\u00a0\u00bb button_alignment=\u00a0\u00bbcenter\u00a0\u00bb _builder_version=\u00a0\u00bb4.27.4&Prime; _module_preset=\u00a0\u00bbdefault\u00a0\u00bb hover_enabled=\u00a0\u00bb0&Prime; global_colors_info=\u00a0\u00bb{}\u00a0\u00bb button_url=\u00a0\u00bbhttps:\/\/www.federationkravmaga.com\/wp-content\/uploads\/2025\/11\/KMFDA-PROGRAMME-CEINTURES-JAUNE-A-MARRON.pdf\u00a0\u00bb url_new_window=\u00a0\u00bbon\u00a0\u00bb sticky_enabled=\u00a0\u00bb0&Prime;][\/et_pb_button][\/et_pb_column][et_pb_column type=\u00a0\u00bb1_2&Prime; _builder_version=\u00a0\u00bb4.27.2&Prime; _module_preset=\u00a0\u00bbdefault\u00a0\u00bb global_colors_info=\u00a0\u00bb{}\u00a0\u00bb][et_pb_button button_text=\u00a0\u00bbProgramme ceinture noire\u00a0\u00bb button_alignment=\u00a0\u00bbcenter\u00a0\u00bb _builder_version=\u00a0\u00bb4.27.4&Prime; _module_preset=\u00a0\u00bbdefault\u00a0\u00bb hover_enabled=\u00a0\u00bb0&Prime; global_colors_info=\u00a0\u00bb{}\u00a0\u00bb button_url=\u00a0\u00bbhttps:\/\/www.federationkravmaga.com\/wp-content\/uploads\/2025\/11\/KMFDA-PROGRAMME-CEINTURES-NOIRES.pdf\u00a0\u00bb url_new_window=\u00a0\u00bbon\u00a0\u00bb sticky_enabled=\u00a0\u00bb0&Prime;][\/et_pb_button][\/et_pb_column][\/et_pb_row][\/et_pb_section]<\/p>\n","protected":false},"excerpt":{"rendered":"<p>PROGRAMME TECHNIQUE ET EXAMENS Programme Technique &nbsp; La F\u00e9d\u00e9ration d\u00e9ploie le programme technique et p\u00e9dagogique lors de sessions de formation destin\u00e9es aux instructeurs.Elle le diffuse \u00e9galement \u00e0 travers des supports [&hellip;]<\/p>\n","protected":false},"author":1,"featured_media":0,"parent":0,"menu_order":0,"comment_status":"closed","ping_status":"closed","template":"","meta":{"_et_pb_use_builder":"on","_et_pb_old_content":"","_et_gb_content_width":"","footnotes":""},"class_list":["post-285","page","type-page","status-publish","hentry"],"yoast_head":"<!-- This site is optimized with the Yoast SEO plugin v27.1.1 - https:\/\/yoast.com\/product\/yoast-seo-wordpress\/ -->\n<title>Programme technique &amp; examens \u2014 Krav Maga KMFDA<\/title>\n<meta name=\"description\" content=\"D\u00e9couvrez le programme technique et les examens de la F\u00e9d\u00e9ration KMFDA : modules, crit\u00e8res d\u2019\u00e9valuation, passages de grades etc.\" \/>\n<meta name=\"robots\" content=\"index, follow, max-snippet:-1, max-image-preview:large, max-video-preview:-1\" \/>\n<link rel=\"canonical\" href=\"https:\/\/www.federationkravmaga.com\/index.php\/programme-technique-examens\/\" \/>\n<meta property=\"og:locale\" content=\"fr_FR\" \/>\n<meta property=\"og:type\" content=\"article\" \/>\n<meta property=\"og:title\" content=\"Programme technique &amp; examens \u2014 Krav Maga KMFDA\" \/>\n<meta property=\"og:description\" content=\"D\u00e9couvrez le programme technique et les examens de la F\u00e9d\u00e9ration KMFDA : modules, crit\u00e8res d\u2019\u00e9valuation, passages de grades etc.\" \/>\n<meta property=\"og:url\" content=\"https:\/\/www.federationkravmaga.com\/index.php\/programme-technique-examens\/\" \/>\n<meta property=\"og:site_name\" content=\"KMFDA\" \/>\n<meta property=\"article:modified_time\" content=\"2025-11-03T09:11:51+00:00\" \/>\n<meta name=\"twitter:card\" content=\"summary_large_image\" \/>\n<meta name=\"twitter:label1\" content=\"Dur\u00e9e de lecture estim\u00e9e\" \/>\n\t<meta name=\"twitter:data1\" content=\"3 minutes\" \/>\n<script type=\"application\/ld+json\" class=\"yoast-schema-graph\">{\"@context\":\"https:\/\/schema.org\",\"@graph\":[{\"@type\":\"WebPage\",\"@id\":\"https:\/\/www.federationkravmaga.com\/index.php\/programme-technique-examens\/\",\"url\":\"https:\/\/www.federationkravmaga.com\/index.php\/programme-technique-examens\/\",\"name\":\"Programme technique & examens \u2014 Krav Maga KMFDA\",\"isPartOf\":{\"@id\":\"https:\/\/www.federationkravmaga.com\/#website\"},\"datePublished\":\"2025-04-17T12:23:49+00:00\",\"dateModified\":\"2025-11-03T09:11:51+00:00\",\"description\":\"D\u00e9couvrez le programme technique et les examens de la F\u00e9d\u00e9ration KMFDA : modules, crit\u00e8res d\u2019\u00e9valuation, passages de grades etc.\",\"breadcrumb\":{\"@id\":\"https:\/\/www.federationkravmaga.com\/index.php\/programme-technique-examens\/#breadcrumb\"},\"inLanguage\":\"fr-FR\",\"potentialAction\":[{\"@type\":\"ReadAction\",\"target\":[\"https:\/\/www.federationkravmaga.com\/index.php\/programme-technique-examens\/\"]}]},{\"@type\":\"BreadcrumbList\",\"@id\":\"https:\/\/www.federationkravmaga.com\/index.php\/programme-technique-examens\/#breadcrumb\",\"itemListElement\":[{\"@type\":\"ListItem\",\"position\":1,\"name\":\"Accueil\",\"item\":\"https:\/\/www.federationkravmaga.com\/\"},{\"@type\":\"ListItem\",\"position\":2,\"name\":\"Programme technique &#038; examens\"}]},{\"@type\":\"WebSite\",\"@id\":\"https:\/\/www.federationkravmaga.com\/#website\",\"url\":\"https:\/\/www.federationkravmaga.com\/\",\"name\":\"KMFDA\",\"description\":\"F\u00e9d\u00e9ration de Krav Maga et Disciplines Associ\u00e9es\",\"potentialAction\":[{\"@type\":\"SearchAction\",\"target\":{\"@type\":\"EntryPoint\",\"urlTemplate\":\"https:\/\/www.federationkravmaga.com\/?s={search_term_string}\"},\"query-input\":{\"@type\":\"PropertyValueSpecification\",\"valueRequired\":true,\"valueName\":\"search_term_string\"}}],\"inLanguage\":\"fr-FR\"}]}<\/script>\n<!-- \/ Yoast SEO plugin. -->","yoast_head_json":{"title":"Programme technique & examens \u2014 Krav Maga KMFDA","description":"D\u00e9couvrez le programme technique et les examens de la F\u00e9d\u00e9ration KMFDA : modules, crit\u00e8res d\u2019\u00e9valuation, passages de grades etc.","robots":{"index":"index","follow":"follow","max-snippet":"max-snippet:-1","max-image-preview":"max-image-preview:large","max-video-preview":"max-video-preview:-1"},"canonical":"https:\/\/www.federationkravmaga.com\/index.php\/programme-technique-examens\/","og_locale":"fr_FR","og_type":"article","og_title":"Programme technique & examens \u2014 Krav Maga KMFDA","og_description":"D\u00e9couvrez le programme technique et les examens de la F\u00e9d\u00e9ration KMFDA : modules, crit\u00e8res d\u2019\u00e9valuation, passages de grades etc.","og_url":"https:\/\/www.federationkravmaga.com\/index.php\/programme-technique-examens\/","og_site_name":"KMFDA","article_modified_time":"2025-11-03T09:11:51+00:00","twitter_card":"summary_large_image","twitter_misc":{"Dur\u00e9e de lecture estim\u00e9e":"3 minutes"},"schema":{"@context":"https:\/\/schema.org","@graph":[{"@type":"WebPage","@id":"https:\/\/www.federationkravmaga.com\/index.php\/programme-technique-examens\/","url":"https:\/\/www.federationkravmaga.com\/index.php\/programme-technique-examens\/","name":"Programme technique & examens \u2014 Krav Maga KMFDA","isPartOf":{"@id":"https:\/\/www.federationkravmaga.com\/#website"},"datePublished":"2025-04-17T12:23:49+00:00","dateModified":"2025-11-03T09:11:51+00:00","description":"D\u00e9couvrez le programme technique et les examens de la F\u00e9d\u00e9ration KMFDA : modules, crit\u00e8res d\u2019\u00e9valuation, passages de grades etc.","breadcrumb":{"@id":"https:\/\/www.federationkravmaga.com\/index.php\/programme-technique-examens\/#breadcrumb"},"inLanguage":"fr-FR","potentialAction":[{"@type":"ReadAction","target":["https:\/\/www.federationkravmaga.com\/index.php\/programme-technique-examens\/"]}]},{"@type":"BreadcrumbList","@id":"https:\/\/www.federationkravmaga.com\/index.php\/programme-technique-examens\/#breadcrumb","itemListElement":[{"@type":"ListItem","position":1,"name":"Accueil","item":"https:\/\/www.federationkravmaga.com\/"},{"@type":"ListItem","position":2,"name":"Programme technique &#038; examens"}]},{"@type":"WebSite","@id":"https:\/\/www.federationkravmaga.com\/#website","url":"https:\/\/www.federationkravmaga.com\/","name":"KMFDA","description":"F\u00e9d\u00e9ration de Krav Maga et Disciplines Associ\u00e9es","potentialAction":[{"@type":"SearchAction","target":{"@type":"EntryPoint","urlTemplate":"https:\/\/www.federationkravmaga.com\/?s={search_term_string}"},"query-input":{"@type":"PropertyValueSpecification","valueRequired":true,"valueName":"search_term_string"}}],"inLanguage":"fr-FR"}]}},"_links":{"self":[{"href":"https:\/\/www.federationkravmaga.com\/index.php\/wp-json\/wp\/v2\/pages\/285","targetHints":{"allow":["GET"]}}],"collection":[{"href":"https:\/\/www.federationkravmaga.com\/index.php\/wp-json\/wp\/v2\/pages"}],"about":[{"href":"https:\/\/www.federationkravmaga.com\/index.php\/wp-json\/wp\/v2\/types\/page"}],"author":[{"embeddable":true,"href":"https:\/\/www.federationkravmaga.com\/index.php\/wp-json\/wp\/v2\/users\/1"}],"replies":[{"embeddable":true,"href":"https:\/\/www.federationkravmaga.com\/index.php\/wp-json\/wp\/v2\/comments?post=285"}],"version-history":[{"count":14,"href":"https:\/\/www.federationkravmaga.com\/index.php\/wp-json\/wp\/v2\/pages\/285\/revisions"}],"predecessor-version":[{"id":756,"href":"https:\/\/www.federationkravmaga.com\/index.php\/wp-json\/wp\/v2\/pages\/285\/revisions\/756"}],"wp:attachment":[{"href":"https:\/\/www.federationkravmaga.com\/index.php\/wp-json\/wp\/v2\/media?parent=285"}],"curies":[{"name":"wp","href":"https:\/\/api.w.org\/{rel}","templated":true}]}}